alculate the highest common divisor of 8 and x.
8
Suppose 4274 = 4*v + 5*m - 12863, 0 = -5*v + 4*m + 21452. What is the highest common factor of 2 and v?
2
Let p be (246/(-10) - -3)/(4*(-3)/40). What is the greatest common factor of 333 and p?
9
Suppose -90*s - 16859 = -105*s + 6481. What is the highest common divisor of 2 and s?
2
Suppose 28*i - 15080 = 24*i. What is the highest common divisor of i and 260?
130
Let b be ((-1)/(-3))/((4/(-4))/(37584/(-27))). What is the greatest common factor of 11832 and b?
232
Suppose 1080*t = -56*t + 162448. Suppose -3*v = -70 - 62. What is the highest common divisor of v and t?
11
Let t be (-4 + 0)*-6 - 2. Suppose -473*h - 2*p = -478*h + 45, 3*h - 5*p - 8 = 0. What is the highest common factor of t and h?
11
Let s(x) = -108 + 54 + 31 - 26*x. Let z be s(12). Let g = z + 485. Calculate the greatest common divisor of g and 30.
30
Let v(j) = -2*j**2 - 28*j + 67. Let n be v(-16). Let d be ((-22)/n - -1)*(-5 - 1). What is the greatest common factor of d and 171?
19
Let m(r) = -r**3 - 29*r**2 - 30*r - 42. Let h be m(-28). Let z be 35/h*414/15. Calculate the highest common factor of 3 and z.
3
Suppose -1 - 39 = -4*i - 4*k, -i + 2*k - 5 = 0. Suppose 0 = t + 13*t - 1680. Suppose -8*z + 0*z = -t. Calculate the highest common divisor of i and z.
5
Let h(j) = 94*j**3 - j**2 + j - 1. Let v be h(1). Let n = -238 - -455. Suppose -10*s + 3*s = -n. Calculate the greatest common divisor of v and s.
31
Let r(a) = -5*a**3 - 4*a**2 + 16*a + 69. Let m be r(-3). What is the greatest common factor of 5250 and m?
30
Suppose -6633 = 1626*c - 1635*c. Calculate the highest common divisor of 33 and c.
11
Let d be ((-4)/((-60)/9))/((-3)/(-45)). Suppose -d*y - y = -60. Let c = 79 + -31. Calculate the greatest common factor of c and y.
6
Let d(f) = -24*f**2 - 4510*f + 381. Let b be d(-188). Calculate the highest common divisor of 28645 and b.
5
Let s(v) = -6*v**3 - 17*v**2 - 4*v - 2. Let h be s(-3). Let b = h - -38. Calculate the greatest common factor of 76 and b.
19
Suppose -4*u - 16 = 0, 2*u + 730 = 5*m - 783. Calculate the highest common divisor of m and 817.
43
Let t = -4407 - -10826. What is the greatest common divisor of 131 and t?
131
Let m be (-1948590)/(-243) + (-22)/(-198). Calculate the greatest common divisor of m and 99.
99
Suppose 29*q - 1632 = 46*q. Let a be (-438 - q)/((-2)/6). Calculate the greatest common factor of a and 18.
18
Let c(r) = 12*r + 4. Let n be c(4). Let f = n - 47. Suppose f*a - 245 = -z, 5*z - 2*z = 5*a - 225. Calculate the highest common divisor of 6 and a.
6
Let z be 3*((-740)/(-15) - 4). Suppose -3*p - 8 = -5*p. Suppose 0 = p*h + 4*k - z, 5*k - 172 = -5*h + k. What is the greatest common divisor of 12 and h?
12
Suppose -4*k - 3*s - 18 = 246, 2*k + 118 = -5*s. Let j = k + 118. Calculate the highest common divisor of j and 14.
7
Let z(n) = n**3 - 26*n**2 - 48*n - 220. Let r be z(28). What is the highest common factor of r and 316?
4
Let z = -1093 + 1903. Suppose -4*c - 328 = -2*k, 15*c + z = 5*k + 10*c. What is the highest common factor of 120 and k?
40
Suppose -f - 2*b + 14 = 0, 0*b - 2*b = -8. Let y be 3/(-6)*f + 33. Let n be ((-20)/y)/(4/(-150)). What is the greatest common factor of n and 275?
25
Let w(v) = 3*v + 4. Let b be w(27). Suppose 0 = -23*f + 21*f - 4, -5*n + 3*f + 7231 = 0. What is the greatest common factor of b and n?
85
Suppose -1430 = -21*t + 11*t. Suppose 70 = 5*q - 4*v, -3*q + 80 = 2*q - 2*v. Suppose -q = -4*s + 26. What is the greatest common factor of s and t?
11
Suppose -3*m = -28 - 5. Let t(b) = -b**2 + 5*b + 22. Let a be t(7). Suppose -m*s - a = -12*s. Calculate the greatest common factor of 16 and s.
8
Let b(w) = -8*w**3 + 430*w**2 + 115*w - 135. Let f be b(54). What is the highest common divisor of 1107 and f?
27
Let i(c) = -c**3 - c**2 - c + 1. Let p(u) = 6*u**3 + 9*u**2 + 8*u - 14. Let b(z) = 5*i(z) + p(z). Let r be b(3). What is the highest common divisor of 14 and r?
7
Let l = -135 - -470. Suppose 5*f - 173 = -3*b + b, -4*b + f + l = 0. Let x = 3 - -9. What is the highest common factor of x and b?
12
Let m(i) = -2*i - 5. Let w be m(-5). Suppose -w*k + 25 = 0, 2*k + 3*k + 9 = y. Suppose f - 2*f = -y. What is the highest common divisor of f and 85?
17
Let c = -10804 + 11522. Calculate the highest common factor of 6 and c.
2
Let c(q) = -q**2 + 15*q - 24. Let s be (-1)/(5/(-2)) + (-456)/190. Let o be (-3)/s - 165/(-30). Let x be c(o). Calculate the highest common divisor of 48 and x.
16
Let z be -6 + (16 - 13) - (-12)/(-2). Suppose 0 = -0*f + 4*f + 196. Let p = z - f. Calculate the highest common factor of 360 and p.
40
Let y(d) = d**2 - 2*d - 23. Suppose -21*n - 342 = -59*n. Let h be y(n). What is the highest common factor of 320 and h?
40
Let b be 62/(-93) + ((-2)/(-5))/(36/3210). Calculate the greatest common factor of 42 and b.
7
Suppose 0 = -5*d - 2*a + 11, -5*a - 13 = -11*d + 10*d. Let j(p) = -p**2 + 7*p - 3. Let x be j(d). What is the greatest common factor of x and 1?
1
Suppose -3*j - 17*g + 2369 = -18*g, 5*g + 771 = j. What is the greatest common divisor of 452 and j?
113
Let x(k) = 32*k**2 + 2*k - 4. Let i be x(2). Let j be 18/(-63) + (-405)/(-21). Suppose 32 = j*w - 15*w. Calculate the greatest common divisor of i and w.
8
Let m(r) = 2*r**2 + 3*r - 63. Let d be m(-7). Calculate the greatest common factor of 413 and d.
7
Let n be 2/3 - (-520)/3. Let h = -107970 - -108028. What is the highest common divisor of h and n?
58
Suppose 7*x - 6*x = 81. Suppose 0 = -12*t + 16*t - 20. Suppose -2*l = 4*w - 3*w - 53, t*l - 138 = 3*w. What is the greatest common factor of l and x?
27
Let c be 48/18 - 1/((-12)/16). Suppose c*w - 11*w = -196. What is the greatest common factor of 224 and w?
28
Suppose -251*f + 4030 = -58218. What is the greatest common divisor of f and 64?
8
Suppose -10*q - 531 = -5171. Suppose 35*x = 843 + 1187. What is the highest common factor of q and x?
58
Suppose 3*p + 3*q = -12, 4*p + 8 = -8*q + 6*q. Suppose p = -17*m + 1022 - 342. What is the highest common factor of 8 and m?
8
Let q be 4/34 + 16/(10064/5496757). What is the highest common factor of q and 18?
9
Let r(t) = -t**2 + 4*t + 3. Let d be r(4). Suppose 5*x = -2*z + 602, 2*z = d*x - z - 357. Calculate the greatest common divisor of x and 6.
6
Let s(c) = -11*c**2 - 114*c - 12. Let t be s(-7). Suppose -12*v + 130 = -2*v. What is the greatest common factor of v and t?
13
Let n = -3 + 5. Suppose -3*f - b + 122 = 4*b, -n*b = -5*f + 162. Let k = 115 + -98. Calculate the greatest common divisor of f and k.
17
Suppose -j + 57 = -0. Let o(b) = b**2 + 14*b - 31. Let y be o(3). Suppose j + y = 7*i. What is the greatest common divisor of 44 and i?
11
Let d be 1 + (-1 - -2) - 0. Suppose 170*i - 8 = 166*i. Suppose 4*n - 4 = i*u + d, 0 = -5*n + 5*u. What is the highest common factor of n and 1?
1
Let r = 7384 - 6978. What is the greatest common factor of r and 28?
14
Suppose 5*f + 5*d - 1465 = 0, 4*f - 1046 - 102 = 4*d. Let y = 416 - f. What is the greatest common factor of y and 72?
18
Let v be (-1)/4 - (-82606)/824. Calculate the greatest common factor of v and 260.
20
Suppose -14 = -2*b - 5*k + 33, -5*k - 79 = -4*b. Let x = -17 - b. Let j = x + 58. What is the greatest common factor of j and 60?
20
Let o = 58 - 43. Let n be (-100)/o*(0 - -6). Let p be (-3685)/n - (-2)/(-16). What is the greatest common factor of 23 and p?
23
Let t = 261 - 153. Let z = t + -93. Calculate the highest common factor of 45 and z.
15
Suppose -h = -12 + 7. Suppose -181 = -h*b - 3*z, 0 = 2*b - 8*z + 3*z - 91. Calculate the highest common factor of b and 133.
19
Let x(y) = 25*y**2 + 34*y + 75. Let k be x(-11). What is the greatest common divisor of k and 58?
58
Let f = 39 - 36. Suppose 9 = -f*d + 12. Let t be d - 708/(-27) - (-2)/(-9). What is the greatest common divisor of t and 3?
3
Suppose 10*d - 5*d - 1120 = 0. Let r(o) = o**3 + 23*o**2 - 19*o + 10. Let w be r(-24). Let c = w - -166. Calculate the highest common factor of d and c.
56
Let g = 10344 - 3246. Calculate the greatest common divisor of g and 168.
42
Let x(s) = -14*s**3 - 10*s**2 - 116*s - 265. Let a be x(-3). Suppose 0*o = 4*o - 28. Calculate the greatest common divisor of o and a.
7
Suppose 0 = -10*r - 141 + 561. Calculate the highest common factor of 14714 and r.
14
